0 = 2. Suppose -5*g = x - 24, -2*x + 25 + 8 = 5*g. What is the remainder when x is divided by k?
0
Let t(z) = 4*z**2 - 230*z + 233*z - 2*z**2 - 1. Suppose -5*p - 28 = -3. What is the remainder when 99 is divided by t(p)?
31
Let g = 516 + -469. What is the remainder when g is divided by 16?
15
Let v(p) = -8*p + 13. Calculate the remainder when v(-10) is divided by 18 - (-8)/(8 - 12).
13
Suppose -s - p = -6*s - 3, 2*p = -3*s + 6. Let z be (s*(-4)/(-12))/(-1). Suppose l + z*l = 43. What is the remainder when l is divided by 9?
7
Let y = 73 + -52. Calculate the remainder when 188 is divided by y.
20
Suppose 4*b = -2*i + 3220, -6449 = 28*i - 32*i - 5*b. What is the remainder when i is divided by 11?
10
Let v(y) = -y**3 - 11*y**2 - 3*y + 13. Suppose 0*p - 3*p = -24. Suppose 11*a + 33 = p*a. What is the remainder when v(a) is divided by 12?
10
Suppose 74*l - 117 = 73*l. Calculate the remainder when l is divided by 15.
12
Let g(o) = 137*o + 28. Let v be g(4). What is the remainder when (-2 - -5)/(27/v) is divided by 34?
30
Suppose -2*t + 6 = 5*y, 3*t = -2*t - 10. Suppose y*i + 4*g + g - 24 = 0, 3*i = -4*g + 22. What is the remainder when i is divided by 2?
0
Suppose 2*k = -4*s - 2, 2*k = -s + 3*k + 7. Suppose y - 61 = -s*y + 2*u, y - 15 = -2*u. Suppose 16 = 5*d - y. What is the remainder when 20 is divided by d?
6
Let j(g) = 3*g - 4. Let y(w) = -3*w + 3. Let m(d) = 5*j(d) + 6*y(d). What is the remainder when 22 is divided by m(-5)?
9
Suppose 5*k + 5*m = -100, k - 4*m = -k - 52. What is the remainder when (-33368)/(-1032) - (-4)/(-6)*2 is divided by ((-3)/(-6))/((-1)/k)?
9
Suppose -4*u = -x - x + 230, -3*u = 2*x - 223. Calculate the remainder when x is divided by 42.
29
Suppose 0 = -47*p + 6*p + 4961. Calculate the remainder when p is divided by 113.
8
Let i(o) = 7*o**2 + o - 2. Let j be (-19)/76 - (-10)/8. What is the remainder when 35 is divided by i(j)?
5
Suppose -k = 3*n - 2, -5*n + 4*n = 5*k - 52. Let t(l) = -72*l + 4540. Calculate the remainder when k is divided by t(63).
3
Suppose 4*q + 7 - 154 = 5*i, 2*q + 3*i = 57. What is the remainder when 15 is divided by q/(-22) - (-22)/4?
3
Let w = 477 + -444. Calculate the remainder when 293 is divided by w.
29
Suppose 0 = 20*t - 8*t - 108. What is the remainder when 71 is divided by t?
8
Suppose 5*g - 11 - 14 = 0. Suppose -2*r = g*r. Suppose x = -r*x + 115. Calculate the remainder when x is divided by 29.
28
Suppose 131 = p - 2*w, -3*p + 86 + 315 = -4*w. Calculate the remainder when p is divided by 13.
9
Let n = -79 - -106. Suppose 529 = 5*r + t, 3*r + 1 = 3*t + 322. Calculate the remainder when r is divided by n.
25
Suppose -13*a + 11*a + 1842 = -2*s, -3*s + 4637 = 5*a. What is the remainder when a is divided by 58?
55
Suppose a = -4*w + 213, 5*a - 5*w - 1182 = -117. Suppose 0 = 6*n - a - 135. Calculate the remainder when 7 + n - (-4)/1 is divided by 18.
15
Let x be (28/8 - 4)*0. Suppose x = -9*p + 64 + 53. What is the remainder when 49 is divided by p?
10
Suppose 3*x - 24 = -2*i + 108, 3*i - 197 = -5*x. What is the remainder when 275 is divided by i?
68
Suppose 9 = 4*b + 3*z, -5*z - 7 = -0*b + 3*b. Let j = 7 + b. What is the remainder when -2*6/4 + 40 is divided by j?
11
Suppose -515 = -5*f + 2*k, 2*f + 4*k = -18 + 248. What is the remainder when 520 is divided by f?
100
What is the remainder when 172 is divided by (38 - (0 - 1)) + -7?
12
Let q = 1155 + -819. Calculate the remainder when q is divided by 20.
16
Let c = 1 - -5. Let h be 0 + (-1 - 4) + 3. Let w = h - -11. What is the remainder when w is divided by c?
3
Suppose -5*g - 10 = 0, -27*g + 28*g + 470 = p. Calculate the remainder when p is divided by 94.
92
Let l(w) = 4*w**2 - w. Let x be l(-3). Suppose -x - 25 = -4*d. Let r = -121 + 166. What is the remainder when r is divided by d?
13
Suppose d + 2 = 6. Suppose 0 = k - 4, d*v + 2*k + 3*k = 228. Suppose 3*i - 5 - 19 = -3*r, -5*i - r = -v. Calculate the remainder when i is divided by 7.
4
Suppose -6 - 74 = -10*n. Calculate the remainder when 93 is divided by n.
5
Let i be 1*(-6)/(-9) + 2/6. What is the remainder when 20 is divided by 1/((3/33)/i)?
9
Suppose 2*q - 18 + 0 = 0. Let u(z) = z**3 - 8*z**2 - 7*z - 16. Calculate the remainder when 20 is divided by u(q).
0
Let b = -2 + 4. Suppose a - 6 = -b*a. Suppose -2*x + 40 = -3*h, -a*x + 5*h + 32 = -0*h. Calculate the remainder when 50 is divided by x.
24
Let o = -304 - -871. Calculate the remainder when o is divided by 30.
27
Suppose 2*q = q - 4*g + 59, -2*g = -10. Let z = -49 - -54. What is the remainder when q is divided by (z - -1)*((-25)/10 - -6)?
18
Let x(u) = u - 12. Let p be x(15). What is the remainder when (-6)/27*p*-84 is divided by 19?
18
Let a(l) = l + 9. Let f be a(-6). Suppose 0*k = -f*k + 87. Calculate the remainder when k is divided by 10.
9
Let w(m) = -3*m - 37. Calculate the remainder when 29 is divided by w(-14).
4
Let z(k) be the third derivative of k**3 - 6*k**2 + 0*k + 0 - 1/12*k**4 + 1/60*k**5. What is the remainder when 55 is divided by z(4)?
13
Suppose 2*g - 4*g = 60. Let w = 91 + g. Calculate the remainder when w is divided by (21/2)/(-3)*(-24)/4.
19
Suppose -b + 1 = -3. Suppose 0 = 2*j + b*s - 62, -2*j + 22 = -2*s - 2*s. Calculate the remainder when 61 is divided by j.
19
What is the remainder when (-2)/8 - 167765/(-356) is divided by 14?
9
Suppose -3*g = -49 - 14. Let w = g - 37. Let f = 0 - w. Calculate the remainder when 46 is divided by f.
14
What is the remainder when -2 + 5 - (-4 - 5) is divided by 2?
0
Let k = -8 + 14. Suppose k = r + r. Suppose -z = r*z - 56. Calculate the remainder when 40 is divided by z.
12
Let j = 43 - 1. Suppose 5*u = 23 + j. What is the remainder when 47 is divided by u?
8
Let x(m) = -4*m + 14. Let o(k) = -3*k - 6. Let z be o(-5). Let i be x(z). What is the remainder when 35*(i/(-5) - 4) is divided by 5?
4
Let s(w) = -3*w**3 + w**2 + 2*w - 1. Let y be s(-2). Let c = 26 - y. Suppose -12 = 3*a, -2*b + 2*a + 24 = c*a. Calculate the remainder when b is divided by 8.
6
Suppose -4*r + 5*g = 7, 4*r = -0*g + 3*g - 1. Suppose 0 = 4*a + 7*f - 2*f - 35, 55 = 3*a - r*f. Calculate the remainder when a is divided by 9.
6
Suppose -4*s = 9*s - 1651. What is the remainder when s is divided by 22?
17
Let k(l) = 6*l**2 - 12*l + 5. Let i be k(2). Suppose 3*n + 5*d = 86, 5*d = i*n + 7*d - 118. What is the remainder when n is divided by 14?
8
Suppose i = 5*a - 304, -3*i - 2*i - 4*a = 1665. Let d = i - -463. Calculate the remainder when d is divided by 45.
44
Let u(y) = 2*y + 1. Let s be u(2). Suppose -z + s*q + 35 = 0, -z - 4*z + q = -103. What is the remainder when (38/(-3))/((-2)/6) is divided by z?
18
What is the remainder when 65 is divided by (12/(-8))/(24/(-224))?
9
Let v(o) = 68*o - 168. Calculate the remainder when v(4) is divided by 35.
34
What is the remainder when 48 is divided by -4 - 807/(-27) - 3/(-27)?
22
Let t be ((-11)/4)/((-3)/(-120)). Let r = -105 - t. Let n = -8 + 11. Calculate the remainder when r is divided by n.
2
Let y be -6 - (2 + -6) - (-14)/2. Let f be 3/15 + (-24)/(-5). Suppose 35 + 20 = y*l + 5*n, -f = -5*l + 5*n. Calculate the remainder when l is divided by 2.
0
Suppose a + 4*n - 82 = 0, 0 = -10*a + 7*a - 2*n + 236. What is the remainder when a is divided by 10?
8
Suppose -9*m = -13618 + 4087. What is the remainder when m is divided by 106?
105
Let b = -755 + 808. What is the remainder when 91 is divided by b?
38
Suppose 47 = 3*v + 20. What is the remainder when 2/(-2) + 2*7 is divided by v?
4
Let a = 62 + -2. What is the remainder when 297 is divided by a?
57
Suppose 101 = 18*u - 25. Let k(y) = -y - 2. Let t(b) = -2*b - 3. Let f(n) = 3*k(n) - 2*t(n). Calculate the remainder when u is divided by f(2).
1
Let h = -49 + 97. Suppose 8*g = 11*g - h. What is the remainder when g is divided by 9?
7
Let j = 247 + -227. Calculate the remainder when j is divided by 7.
6
Let j(u) = -u**2 + 40*u + 78. Calculate the remainder when j(40) is divided by 20.
18
Let p = -29 - -33. Suppose 0 = -2*k - 4, 5*c + p*k = 22 + 85. What is the remainder when c is divided by 12*1/((-6)/(-4))?
7
Suppose 8*x + 5*m - 39 = 5*x, 0 = 2*x + 2*m - 30. Calculate the remainder when 47 is divided by x.
11
Let r be 4/(-26) + 24904/143. Suppose r = -18*c + 606. What is the remainder when 59 is divided by c?
11
What is 